10) to base 16.
1
206 (base 7) to base 8
150
-114 (base 6) to base 4
-232
Convert -5c (base 13) to base 12.
-65
-cd (base 15) to base 6
-521
Convert 21 (base 8) to base 12.
15
Convert -9f (base 16) to base 13.
-c3
-6 (base 9) to base 16
-6
Convert -1 (base 7) to base 11.
-1
What is 2 (base 10) in base 14?
2
Convert 21 (base 5) to base 13.
b
5 (base 16) to base 7
5
What is -10 (base 2) in base 7?
-2
What is -3 (base 10) in base 13?
-3
-a (base 13) to base 2
-1010
111 (base 2) to base 6
11
What is 10 (base 10) in base 12?
a
Convert -b (base 14) to base 2.
-1011
-28 (base 9) to base 15
-1b
Convert -f7 (base 16) to base 13.
-160
What is 215 (base 6) in base 5?
313
Convert -2122 (base 5) to base 13.
-191
Convert -45 (base 15) to base 11.
-5a
22 (base 13) to base 10
28
Convert -1011010 (base 2) to base 10.
-90
What is 4 (base 10) in base 9?
4
-10 (base 6) to base 3
-20
101 (base 2) to base 4
11
100 (base 2) to base 6
4
Convert 146 (base 8) to base 10.
102
-125 (base 6) to base 14
-3b
Convert -135 (base 6) to base 3.
-2012
What is -24 (base 7) in base 16?
-12
What is 1 (base 4) in base 16?
1
Convert -b0 (base 13) to base 12.
-bb
3 (base 7) to base 3
10
-4 (base 14) to base 16
-4
Convert -73 (base 11) to base 13.
-62
24 (base 14) to base 2
100000
1004 (base 6) to base 11
190
2 (base 5) to base 13
2
-1c (base 13) to base 8
-31
What is -50 (base 15) in base 9?
-83
Convert 111 (base 2) to base 14.
7
What is -108 (base 10) in base 7?
-213
Convert 1 (base 4) to base 9.
1
What is 2130 (base 4) in base 2?
10011100
Convert 10 (base 7) to base 12.
7
Convert -110011 (base 2) to base 14.
-39
What is -13 (base 15) in base 14?
-14
-100 (base 10) to base 4
-1210
What is -45 (base 8) in base 16?
-25
What is 1 (base 15) in base 11?
1
-24 (base 6) to base 7
-22
What is 103 (base 4) in base 13?
16
Convert -14 (base 9) to base 15.
-d
Convert -124 (base 5) to base 13.
-30
Convert 56 (base 11) to base 15.
41
What is 10 (base 3) in base 2?
11
What is 1 (base 2) in base 14?
1
Convert 0 (base 3) to base 9.
0
11000 (base 2) to base 5
44
What is -4 (base 10) in base 16?
-4
Convert -11 (base 8) to base 12.
-9
Convert -1303 (base 4) to base 16.
-73
Convert -30 (base 7) to base 4.
-111
Convert -212 (base 4) to base 16.
-26
5c (base 14) to base 13
64
Convert 4 (base 10) to base 15.
4
Convert -266 (base 9) to base 3.
-22020
Convert 1 (base 8) to base 4.
1
-221 (base 3) to base 4
-121
Convert 0 (base 12) to base 6.
0
What is -101 (base 3) in base 13?
-a
-10 (base 6) to base 14
-6
Convert 15 (base 6) to base 7.
14
Convert -15 (base 6) to base 8.
-13
Convert 3 (base 8) to base 14.
3
Convert -142 (base 6) to base 14.
-46
-10 (base 15) to base 11
-14
Convert 337 (base 9) to base 8.
425
Convert -8 (base 10) to base 9.
-8
What is 0 (base 2) in base 5?
0
Convert 22102 (base 3) to base 8.
343
What is 3 (base 16) in base 9?
3
-1 (base 9) to base 2
-1
Convert 348 (base 9) to base 11.
241
-424 (base 5) to base 3
-11020
-425 (base 6) to base 2
-10100001
What is 12 (base 6) in base 12?
8
Convert 11 (base 3) to base 12.
4
-12 (base 10) to base 9
-13
Convert 4 (base 11) to base 5.
4
What is 2 (base 7) in base 14?
2
Convert 100 (base 2) to base 8.
4
Convert -5 (base 12) to base 9.
-5
What is -10 (base 2) in base 16?
-2
What is -21 (base 4) in base 9?
-10
4 (base 12) to base 16
4
-1 (base 10) to base 9
-1
1 (base 2) to base 11
1
Convert 2 (base 8) to base 4.
2
What is -3 (base 5) in base 6?
-3
18 (base 11) to base 9
21
Convert -6 (base 7) to base 4.
-12
What is 0 (base 9) in base 12?
0
-12 (base 3) to base 2
-101
-200 (base 3) to base 16
-12
Convert -14 (base 5) to base 6.
-13
2 (base 11) to base 9
2
136 (base 10) to base 2
10001000
Convert -1 (base 16) to base 2.
-1
-2 (base 5) to base 4
-2
Convert -2 (base 3) to base 8.
-2
Convert -3 (base 8) to base 6.
-3
What is -3 (base 6) in base 13?
-3
-5 (base 13) to base 6
-5
-10100011 (base 2) to base 14
-b9
7 (base 13) to base 4
13
3 (base 6) to base 7
3
3 (base 11) to base 10
3
What is -71 (base 10) in base 16?
-47
What is 2 (base 15) in base 10?
2
Convert -9 (base 10) to base 11.
-9
6 (base 10) to base 14
6
What is 12 (base 3) in base 4?
11
-1 (base 2) to base 13
-1
-124 (base 6) to base 14
-3a
What is 53 (base 6) in base 14?
25
8e (base 15) to base 9
158
6 (base 10) to base 16
6
2 (base 7) to base 15
2
What is -17 (base 12) in base 5?
-34
What is 112 (base 4) in base 5?
42
What is 4 (base 8) in base 14?
4
-22 (base 4) to base 6
-14
Convert -104 (base 12) to base 9.
-174
1 (base 6) to base 3
1
Convert 9c (base 13) to base 4.
2001
-1 (base 5) to base 8
-1
What is 221 (base 3) in base 14?
1b
Convert -2 (base 12) to base 2.
-10
Convert -10 (base 12) to base 14.
-c
-4 (base 15) to base 7
-4
15 (base 16) to base 8
25
What is 3 (base 5) in base 2?
11
-a8 (base 16) to base 6
-440
Convert 2 (base 12) to base 6.
2
Convert 5 (base 15) to base 13.
5
Convert 11 (base 8) to base 9.
10
What is 9 (base 16) in base 4?
21
What is 26 (base 8) in base 4?
112
-9 (base 11) to base 5
-14
Convert 2 (base 8) to base 2.
10
What is -133 (base 4) in base 10?
-31
What is -12212 (base 3) in base 14?
-b4
-2 (base 9) to base 13
-2
2 (base 10) to base 9
2
22 (base 3) to base 5
13
Convert 22 (base 10) to base 3.
211
What is -2 (base 15) in base 6?
-2
356 (base 10) to base 5
2411
45 (base 16) to base 5
234
-9 (base 15) to base 10
-9
-3 (base 5) to base 13
-3
Convert 4 (base 7) to base 5.
4
-10 (base 3) to base 11
-3
Convert -433 (base 8) to base 7.
-553
What is -21 (base 4) in base 14?
-9
What is -53 (base 6) in base 3?
-1020
0 (base 5) to base 6
0
What is -d (base 15) in base 14?
-d
14 (base 16) to base 9
22
Convert -362 (base 8) to base 7.
-464
1b8 (base 14) to base 8
546
Convert 10 (base 8) to base 6.
12
3 (base 6) to base 7
3
-271 (base 12) to base 13
-229
-99 (base 16) to base 8
-231
Convert -21 (base 3) to base 2.
-111
What is -40 (base 6) in base 5?
-44
4a (base 12) to base 6
134
Convert -ba (base 14) to base 6.
-432
What is -1 (base 14) in base 4?
-1
What is -5 (base 6) in base 9?
-5
Convert -20 (base 8) to base 2.
-10000
-12 (base 5) to base 2
-111
What is 12 (base 9) in base 13?
b
-345 (base 6) to base 7
-254
-3 (base 6) to base 15
-3
Convert -252 (base 6) to base 12.
-88
Convert 28 (base 13) to base 3.
1021
What is -1 (base 9) in base 3?
-1
What is 5 (base 13) in base 16?
5
-3 (base 6) to base 3
-10
Convert -3 (base 9) to base 13.
-3
-1000 (base 4) to base 8
-100
Convert 47 (base 15) to base 3.
2111
Convert -3 (base 16) to base 4.
-3
10002 (base 3) to base 14
5d
-1102 (base 4) to base 13
-64
What is 5 (base 11) in base 10?
5
Convert -13 (base 6) to base 11.
-9
Convert 2 (base 15) to base 14.
2
-2 (base 8) to base 9
-2
What is -13 (base 6) in base 16?
-9
-4 (base 9) to base 14
-4
What is 0 (base 15) in base 10?
0
What is 152 (base 9) in base 12?
a8
What is -2 (base 6) in base 13?
-2
Convert -7 (base 8) to base 11.
-7
Convert -212 (base 3) to base 16.
-17
What is -2 (base 14) in base 7?
-2
9 (base 11) to base 12
9
122 (base 3) to base 7
23
1 (base 10) to base 12
1
Convert -4 (base 11) to base 16.
-4
Convert 13 (base 5) to base 10.
8
Convert -78 (base 15) to base 2.
-1110001
Convert 202 (base 10) to base 16.
ca
What is -1010 (base 2) in base 15?
-a
What is -4 (base 16) in base 11?
-4
What is -1001 (base 2) in base 13?
-9
Convert -11 (base 4) to base 3.
-12
What is 3 (base 4) in base 14?
3
What is 2 (base 15) in base 14?
2
3 (base 13) to base 9
3
-13 (base 6) to base 12
-9
Convert 6 (base 8) to base 16.
6
What is -33 (base 4) in base 3?
-120
Convert 44 (base 6) to base 11.
26
What is 141 (base 13) in base 16?
de
What is -1 (base 2) in base 8?
-1
-4 (base 5) to base 11
-4
What is 7 (base 10) in base 9?
7
What is 401 (base 6) in base 11?
122
Convert 3 (base 6) to base 7.
3
Convert 0 (base 7) to base 3.
0
Convert -10 (base 2) to base 13.
-2
Convert 107 (base 10) to base 11.
98
1 (base 2) to base 10
1
-1 (base 11) to base 8
-1
3 (base 13) to base 7
3
What is -3 (base 4) in base 11?
-3
What is -101 (base 3) in base 7?
-13
What is 111001 (base 2) in base 14?
41
Convert -127 (base 9) to base 3.
-10221
Convert 53 (base 12) to base 15.
43
-11 (base 3) to base 2
-100
What is 19 (base 10) in base 9?
21
What is -15 (base 6) in base 5?
-21
Convert -11 (base 3) to base 2.
-100
Convert -3 